161a?
61d35
In base 10, what is -4 - 3327013?
-3327017
In base 8, what is 1623165 - 122?
1623043
In base 13, what is 3a6 - 13186?
-12ab0
In base 13, what is a38baa - -9?
a38bb6
In base 16, what is 19b0e6f - -12?
19b0e81
In base 14, what is -ad87 + -384d?
-107d6
In base 3, what is -211102100200 - 11010001?
-211120110201
In base 8, what is 47431121 - 3?
47431116
In base 14, what is b292 - -3c?
b2d0
In base 3, what is 1000121021121221 + -1?
1000121021121220
In base 2, what is 111110101011101011 - 11011011?
111110101000010000
In base 7, what is 15 + 1124464453?
1124464501
In base 16, what is 15f5b + 12c?
16087
In base 14, what is 96242c3 - 5?
96242bc
In base 4, what is 3320232333 - 12?
3320232321
In base 2, what is 1111101001001 + -1011100100100?
100000100101
In base 7, what is -26 - 313024302?
-313024331
In base 11, what is 184 - -6442a?
64603
In base 12, what is 92 + 461b98?
46206a
In base 8, what is -36 + -5720226?
-5720264
In base 8, what is -341422 - -1300?
-340122
In base 12, what is 1351900 + -15?
13518a7
In base 4, what is 2 - -22031120230?
22031120232
In base 9, what is -314 - 2478447?
-2478762
In base 10, what is -3346294 + 1?
-3346293
In base 7, what is 146240605 - 5?
146240600
In base 5, what is 3 + 1034123040?
1034123043
In base 10, what is 54865 - -471?
55336
In base 9, what is 20826 - 61?
20755
In base 4, what is 102331 - -2212112?
2321103
In base 15, what is 135 + -2092b?
-207e6
In base 14, what is -a + -a56d?
-a579
In base 8, what is -1125636 - 121?
-1125757
In base 12, what is -15b667b - -12?
-15b6669
In base 6, what is -10 - 550151?
-550201
In base 3, what is 11 - -12212011022010110?
12212011022010121
In base 6, what is 254212 + 20404?
315020
In base 14, what is -3c2 + -72040?
-72422
In base 4, what is -1312110311 - 21?
-1312110332
In base 12, what is -3b6b49 - 1a?
-3b6b67
In base 2, what is 1111101100110 - -100000110001111101?
100010101111100011
In base 14, what is 71 + -36c36?
-36ba5
In base 16, what is 3a31 - -2867?
6298
In base 13, what is -5 + 7babc75?
7babc70
In base 6, what is -1345 + -13511142?
-13512531
In base 10, what is -2 - -56294629?
56294627
In base 14, what is 5 - a1c0621?
-a1c061a
In base 2, what is -1110111010110100111100000111 - 101?
-1110111010110100111100001100
In base 12, what is 20747827 + 3?
2074782a
In base 5, what is -12023413004 - -22?
-12023412432
In base 16, what is 28a6ee - 1b?
28a6d3
In base 7, what is 33 + -113036506?
-113036443
In base 16, what is -3 - -12dead4?
12dead1
In base 5, what is 1 - -303323314242?
303323314243
In base 14, what is -11 + 678b5?
678a4
In base 3, what is 220111000101 + -121?
220110222210
In base 13, what is -38421 - 13?
-38434
In base 4, what is 2 - 2010330120001?
-2010330113333
In base 2, what is 111010101101 + 100110000?
111111011101
In base 6, what is -5342032253 - -4?
-5342032245
In base 2, what is 1101010001 - -10100001111100?
10101111001101
In base 5, what is 1242414400 + 111?
1242420011
In base 7, what is 6212631 + 2?
6212633
In base 6, what is 4 - 22234024035?
-22234024031
In base 9, what is 25163011 - 6?
25163004
In base 3, what is -210121 - 2002001?
-2212122
In base 3, what is 22110202 - -1102022?
100220001
In base 13, what is -489 + 10b47?
1068b
In base 6, what is -3020204 + 405?
-3015355
In base 5, what is -1 - -422001441?
422001440
In base 11, what is 13 - 14a52a00?
-14a52998
In base 9, what is 115 - -177074?
177200
In base 3, what is -12 - 200110100012?
-200110100101
In base 3, what is 20202202101 - 201?
20202201200
In base 6, what is -512011432 + 3?
-512011425
In base 15, what is -3dce5 - e5?
-3ddda
In base 5, what is -4 + -14333422343?
-14333422402
In base 11, what is -76052 + 7?
-76046
In base 6, what is -123 + 23311050?
23310523
In base 10, what is 78890 + -5?
78885
In base 16, what is 0 - -37d948f?
37d948f
In base 4, what is 2330133 + -2002032?
322101
In base 14, what is -9 + c15518?
c1550d
In base 2, what is -1000 - -110011110110001110?
110011110110000110
In base 14, what is 159 + -3c02?
-3a87
In base 2, what is 10111101 + 1001111101110010?
1010000000101111
In base 14, what is 34cc2 + 130?
35012
In base 5, what is 3211 + -134101?
-130340
In base 8, what is -15464 - -107450?
71764
In base 14, what is -7815b0 + -52?
-781622
In base 11, what is -41957a51 + -1?
-41957a52
In base 12, what is -2035737 + -1?
-2035738
In base 15, what is -5 - -8cd34?
8cd2e
In base 10, what is 3942783 + -197?
3942586
In base 5, what is -204430043 + 12323?
-204412220
In base 15, what is 2e04 + 59b3?
88b7
In base 13, what is 2104967a + c?
21049689
In base 14, what is -4 - 317700?
-317704
In base 12, what is 13a86883 + 2?
13a86885
In base 2, what is 11001010010110 - 1101000011101?
1100001111001
In base 15, what is -13553a2 - 19?
-13553bb
In base 15, what is 6b7 + -501e?
-4857
In base 9, what is 40 - -7714380?
7714430
In base 2, what is 1010101010111010000010 - -10?
1010101010111010000100
In base 8, what is -125 + 5411601?
5411454
In base 9, what is -1 + -32453602?
-32453603
In base 6, what is -1340 + 1001422?
1000042
In base 5, what is 223 - -201143223?
201144001
In base 2, what is -1101000 + -1011101110101010000001?
-1011101110101011101001
In base 5, what is -111 + -102032112?
-102032223
In base 2, what is 11 - 1001000011011011001011?
-1001000011011011001000
In base 13, what is -8ca56 - c?
-8ca65
In base 12, what is -8145 + -2068?
-a1b1
In base 6, what is 20443 - 3440132?
-3415245
In base 7, what is -3432015 + 321?
-3431364
In base 3, what is -1221022 - 10020202102?
-10022200201
In base 12, what is 3218 + 11001?
14219
In base 16, what is 2e2 - -2fec7?
301a9
In base 11, what is -2a30591 + -5?
-2a30596
In base 5, what is -2441401444 - 0?
-2441401444
In base 4, what is 31220131123112 - -11?
31220131123123
In base 10, what is 84 + -4187?
-4103
In base 8, what is 305 + -2377314?
-2377007
In base 9, what is -124043452 - -2?
-124043450
In base 9, what is 201872 + 7?
201880
In base 6, what is -251053343503 - -1?
-251053343502
In base 14, what is -9 + 1105526?
110551b
In base 8, what is -155 - 4314436?
-4314613
In base 13, what is -32c058 + 0?
-32c058
In base 8, what is 117525 - -2057?
121604
In base 12, what is 1058592 - 71?
1058521
In base 6, what is 13111352 + -2214?
13105134
In base 15, what is -c6432a - 3?
-c6432d
In base 10, what is 189 - 137565?
-137376
In base 5, what is -234012021 + -1303?
-234013324
In base 6, what is 15 - 22211412?
-22211353
In base 16, what is -3509d + -3c2?
-3545f
In base 14, what is -161c14 + -10b?
-161d21
In base 3, what is -20 - 110111220211201?
-110111220211221
In base 10, what is 3964 + -369?
3595
In base 15, what is -9 - -bb5ebb?
bb5eb2
In base 11, what is -30a40 + -58?
-30a98
In base 2, what is -1001100011100000010100111 + -100?
-1001100011100000010101011
In base 10, what is 524 - -468?
992
In base 13, what is 367 - 7490?
-7126
In base 2, what is 1001010011010111001 + -1101101?
1001010011001001100
In base 13, what is 2 - -4a82c4?
4a82c6
In base 9, what is 28808 - -14647?
44556
In base 13, what is 63 + -187316?
-187283
In base 16, what is -2 - -c6f1a26?
c6f1a24
In base 10, what is 17 + -2815452?
-2815435
In base 16, what is -3 + -299832a?
-299832d
In base 8, what is 6305425706 + -4?
6305425702
In base 4, what is -12010103 - -11022?
-11333021
In base 3, what is 211011021121 + -1212?
211011012202
In base 12, what is 4489a52 + 3?
4489a55
In base 4, what is 0 + -202103212200?
-202103212200
In base 8, what is 2765357 + -22?
2765335
In base 8, what is 5 - -25175071?
25175076
In base 15, what is 8e2a29 + -1?
8e2a28
In base 7, what is 23133212 - -11?
23133223
In base 2, what is -1000101000010100 + -11100010000?
-1001000100100100
In base 16, what is 5 - -12e3bd?
12e3c2
In base 12, what is -4a + -1ba199?
-1ba227
In base 10, what is -24 + 17206?
17182
In base 9, what is 10060173 + 0?
10060173
In base 13, what is 29b34995 + 8?
29b349a0
In base 11, what is 237187 - -3?
23718a
In base 7, what is 4 - -1502553?
1502560
In base 4, what is 132331 - 11000023?
-10201032
In base 10, what is 2075209 - -5?
2075214
In base 16, what is -211 + 537f8?
535e7
In base 13, what is -c8b576 + -2?
-c8b578
In base 8, what is -2704 - -167477?
164573
In base 3, what is -200121221 + -1121212020?
-2022111011
In base 8, what is 56 + -6406222?
-6406144
In base 2, what is -110111001100000111